{"id":90,"date":"2023-03-31T09:22:18","date_gmt":"2023-03-31T12:22:18","guid":{"rendered":"https:\/\/suporte02.agenciazuri.com.br\/?page_id=90"},"modified":"2023-04-03T12:04:55","modified_gmt":"2023-04-03T15:04:55","slug":"pagina-nova","status":"publish","type":"page","link":"https:\/\/suporte02.agenciazuri.com.br\/index.php\/pagina-nova\/","title":{"rendered":"P\u00e1gina Nova"},"content":{"rendered":"<p>[et_pb_section fb_built=&#8221;1&#8243; _builder_version=&#8221;4.20.2&#8243; background_enable_image=&#8221;off&#8221; custom_padding=&#8221;139px|0px|139px|0px|true|false&#8221; animation_style=&#8221;slide&#8221; animation_direction=&#8221;left&#8221; animation_intensity_slide=&#8221;1%&#8221; global_colors_info=&#8221;{}&#8221;][\/et_pb_section][et_pb_section fb_built=&#8221;1&#8243; fullwidth=&#8221;on&#8221; _builder_version=&#8221;4.20.2&#8243; _module_preset=&#8221;default&#8221; custom_margin=&#8221;-353px|||||&#8221; global_colors_info=&#8221;{}&#8221;][et_pb_fullwidth_slider arrows_custom_color=&#8221;#FFFFFF&#8221; _builder_version=&#8221;4.20.2&#8243; _module_preset=&#8221;default&#8221; animation_style=&#8221;slide&#8221; auto=&#8221;on&#8221; global_colors_info=&#8221;{}&#8221;][et_pb_slide heading=&#8221;aumente a visibilidade on-line da sua empresa&#8221; button_text=&#8221;SAIBA MAIS&#8221; _builder_version=&#8221;4.20.2&#8243; _module_preset=&#8221;default&#8221; header_font=&#8221;|600||on|||||&#8221; header_text_align=&#8221;left&#8221; header_text_color=&#8221;#FFFFFF&#8221; body_font=&#8221;|600|||||||&#8221; body_text_color=&#8221;#FFFFFF&#8221; background_image=&#8221;https:\/\/suporte02.agenciazuri.com.br\/wp-content\/uploads\/2023\/03\/pexels-pixabay-265087-scaled.jpg&#8221; background_enable_image=&#8221;on&#8221; custom_button=&#8221;on&#8221; button_text_size=&#8221;15px&#8221; button_text_color=&#8221;#FFFFFF&#8221; button_bg_color=&#8221;#8300E9&#8243; button_border_color=&#8221;#8300E9&#8243; button_border_radius=&#8221;29px&#8221; button_letter_spacing=&#8221;0px&#8221; button_font=&#8221;|600||on|||||&#8221; button_use_icon=&#8221;off&#8221; text_orientation=&#8221;left&#8221; hover_transition_speed_curve=&#8221;ease-in-out&#8221; header_text_shadow_style=&#8221;preset1&#8243; header_text_shadow_color=&#8221;#000000&#8243; body_text_shadow_style=&#8221;preset1&#8243; body_text_shadow_color=&#8221;#000000&#8243; button_text_shadow_style=&#8221;preset1&#8243; button_text_shadow_color=&#8221;#000000&#8243; global_colors_info=&#8221;{}&#8221; sticky_transition=&#8221;on&#8221;]<\/p>\n<p><strong>N\u00f3s podemos te ajudar nisso!<\/strong><\/p>\n<p>[\/et_pb_slide][et_pb_slide heading=&#8221;mantenha seus dados sempre atualizados&#8221; button_text=&#8221;SAIBA MAIS&#8221; _builder_version=&#8221;4.20.2&#8243; _module_preset=&#8221;default&#8221; header_font=&#8221;|600||on|||||&#8221; header_text_align=&#8221;left&#8221; header_text_color=&#8221;#FFFFFF&#8221; body_font=&#8221;|600|on||||||&#8221; body_text_align=&#8221;left&#8221; body_text_color=&#8221;#FFFFFF&#8221; background_image=&#8221;https:\/\/suporte02.agenciazuri.com.br\/wp-content\/uploads\/2023\/03\/pexels-fauxels-3183153-scaled.jpg&#8221; background_enable_image=&#8221;on&#8221; custom_button=&#8221;on&#8221; button_text_size=&#8221;15px&#8221; button_bg_color=&#8221;#8300E9&#8243; button_border_color=&#8221;#8300E9&#8243; button_border_radius=&#8221;29px&#8221; button_letter_spacing=&#8221;0px&#8221; button_font=&#8221;|600||on|||||&#8221; button_use_icon=&#8221;off&#8221; text_orientation=&#8221;left&#8221; header_text_shadow_style=&#8221;preset1&#8243; header_text_shadow_color=&#8221;#000000&#8243; body_text_shadow_style=&#8221;preset1&#8243; body_text_shadow_color=&#8221;#000000&#8243; button_text_shadow_style=&#8221;preset1&#8243; button_text_shadow_color=&#8221;#000000&#8243; text_shadow_style=&#8221;preset1&#8243; global_colors_info=&#8221;{}&#8221; sticky_transition=&#8221;on&#8221;][\/et_pb_slide][et_pb_slide heading=&#8221;Conte com a zuri para ajudar sua empresa decolar!&#8221; button_text=&#8221;SAIBA MAIS&#8221; _builder_version=&#8221;4.20.2&#8243; _module_preset=&#8221;default&#8221; header_font=&#8221;|600||on|||||&#8221; header_text_align=&#8221;left&#8221; header_text_color=&#8221;#FFFFFF&#8221; body_font=&#8221;|600|on||||||&#8221; body_text_color=&#8221;#FFFFFF&#8221; background_image=&#8221;https:\/\/suporte02.agenciazuri.com.br\/wp-content\/uploads\/2023\/03\/business-coach-017.jpg&#8221; background_enable_image=&#8221;on&#8221; custom_button=&#8221;on&#8221; button_text_size=&#8221;15px&#8221; button_bg_color=&#8221;#8300E9&#8243; button_border_color=&#8221;#8300E9&#8243; button_border_radius=&#8221;29px&#8221; button_letter_spacing=&#8221;0px&#8221; button_font=&#8221;|600||on|||||&#8221; button_use_icon=&#8221;off&#8221; text_orientation=&#8221;left&#8221; header_text_shadow_style=&#8221;preset1&#8243; header_text_shadow_color=&#8221;#000000&#8243; body_text_shadow_style=&#8221;preset1&#8243; body_text_shadow_color=&#8221;#000000&#8243; button_text_shadow_style=&#8221;preset1&#8243; button_text_shadow_color=&#8221;#000000&#8243; global_colors_info=&#8221;{}&#8221; sticky_transition=&#8221;on&#8221;][\/et_pb_slide][\/et_pb_fullwidth_slider][\/et_pb_section][et_pb_section fb_built=&#8221;1&#8243; disabled_on=&#8221;off|off|off&#8221; admin_label=&#8221;Call to Action&#8221; _builder_version=&#8221;4.20.2&#8243; global_colors_info=&#8221;{}&#8221;][et_pb_row column_structure=&#8221;3_5,2_5&#8243; _builder_version=&#8221;4.20.2&#8243; _module_preset=&#8221;default&#8221; custom_padding=&#8221;|||0px||&#8221; global_colors_info=&#8221;{}&#8221;][et_pb_column type=&#8221;3_5&#8243; _builder_version=&#8221;4.20.2&#8243; _module_preset=&#8221;default&#8221; global_colors_info=&#8221;{}&#8221;][et_pb_text _builder_version=&#8221;4.20.2&#8243; _module_preset=&#8221;default&#8221; global_colors_info=&#8221;{}&#8221;]<\/p>\n<h2><strong>CONTE COM A ZURI PARA TE AJUDAR A MANTER SEU GOOGLE MEU NEG\u00d3CIO ATUALIZADO<\/strong><\/h2>\n<h4><span style=\"font-weight: 400; font-size: medium;\">O Google Meu Neg\u00f3cio \u00e9 uma ferramenta essencial para qualquer neg\u00f3cio local que deseja aumentar sua visibilidade on-line e atrair mais clientes. No entanto, manter todas as informa\u00e7\u00f5es atualizadas pode ser um desafio para muitos empres\u00e1rios, especialmente aqueles que gerenciam v\u00e1rias franquias.<\/span><\/h4>\n<h4><span style=\"font-weight: 400; font-size: medium;\">Se voc\u00ea \u00e9 um gerente de marketing de uma rede de franquias, sabe o qu\u00e3o dif\u00edcil pode ser manter as informa\u00e7\u00f5es de todas as unidades atualizadas no Google Meu Neg\u00f3cio. Com hor\u00e1rios de funcionamento diferentes, endere\u00e7os distintos e outras informa\u00e7\u00f5es que podem mudar constantemente, \u00e9 f\u00e1cil ficar sobrecarregado com tantas informa\u00e7\u00f5es a serem gerenciadas.<\/span><\/h4>\n<h4><span style=\"font-weight: 400; font-size: medium;\">\u00c9 por isso que \u00e9 importante contar com uma ag\u00eancia de marketing digital como a ZURI como parceira para gerenciar todas as franquias. A ZURI tem uma equipe dedicada que pode ajud\u00e1-lo a manter todas as informa\u00e7\u00f5es atualizadas no Google Meu Neg\u00f3cio de forma r\u00e1pida e eficiente.<\/span><\/h4>\n<h4><span style=\"font-weight: 400; font-size: medium;\">Ao trabalhar com a ZURI, voc\u00ea ter\u00e1 a tranquilidade de saber que todas as informa\u00e7\u00f5es de suas franquias est\u00e3o atualizadas e corretas no Google Meu Neg\u00f3cio. Isso ajuda a aumentar a visibilidade de sua rede e, consequentemente, atrair mais clientes em potencial para suas franquias.<\/span><\/h4>\n<h4><span style=\"font-weight: 400; font-size: medium;\">Al\u00e9m disso, a ZURI pode ajud\u00e1-lo a aproveitar ao m\u00e1ximo o Google Meu Neg\u00f3cio, oferecendo estrat\u00e9gias para aumentar o engajamento dos clientes com a sua ficha virtual e fornecendo an\u00e1lises de desempenho para ajud\u00e1-lo a entender como seus clientes est\u00e3o interagindo com suas franquias on-line.<\/span><\/h4>\n<h4><span style=\"font-weight: 400; font-size: medium;\">Em resumo, o Google Meu Neg\u00f3cio \u00e9 uma ferramenta essencial para qualquer neg\u00f3cio local, incluindo redes de franquias. No entanto, manter todas as informa\u00e7\u00f5es atualizadas pode ser um desafio, especialmente para redes com v\u00e1rias franquias. \u00c9 por isso que \u00e9 importante contar com uma ag\u00eancia de marketing digital como a ZURI como parceira para gerenciar todas as franquias, ajudando a manter todas as informa\u00e7\u00f5es atualizadas e corretas no Google Meu Neg\u00f3cio e aproveitando ao m\u00e1ximo essa ferramenta valiosa para atrair mais clientes.<\/span><\/h4>\n<p>[\/et_pb_text][\/et_pb_column][et_pb_column type=&#8221;2_5&#8243; _builder_version=&#8221;4.20.2&#8243; _module_preset=&#8221;default&#8221; global_colors_info=&#8221;{}&#8221;][et_pb_image src=&#8221;https:\/\/suporte02.agenciazuri.com.br\/wp-content\/uploads\/2023\/04\/abillion-TefCcU-33MM-unsplash-scaled.jpg&#8221; title_text=&#8221;abillion-TefCcU-33MM-unsplash&#8221; _builder_version=&#8221;4.20.2&#8243; _module_preset=&#8221;default&#8221; global_colors_info=&#8221;{}&#8221;][\/et_pb_image][\/et_pb_column][\/et_pb_row][\/et_pb_section][et_pb_section fb_built=&#8221;1&#8243; _builder_version=&#8221;4.20.2&#8243; _module_preset=&#8221;default&#8221; global_colors_info=&#8221;{}&#8221;][et_pb_row column_structure=&#8221;1_2,1_2&#8243; _builder_version=&#8221;4.20.2&#8243; _module_preset=&#8221;default&#8221; global_colors_info=&#8221;{}&#8221;][et_pb_column type=&#8221;1_2&#8243; _builder_version=&#8221;4.20.2&#8243; _module_preset=&#8221;default&#8221; global_colors_info=&#8221;{}&#8221;][et_pb_image src=&#8221;https:\/\/suporte02.agenciazuri.com.br\/wp-content\/uploads\/2023\/04\/WhatsApp_Image_2023-04-03_at_10.17.02-removebg-preview.png&#8221; title_text=&#8221;WhatsApp_Image_2023-04-03_at_10.17.02-removebg-preview&#8221; align=&#8221;right&#8221; _builder_version=&#8221;4.20.2&#8243; _module_preset=&#8221;default&#8221; global_colors_info=&#8221;{}&#8221;][\/et_pb_image][\/et_pb_column][et_pb_column type=&#8221;1_2&#8243; _builder_version=&#8221;4.20.2&#8243; _module_preset=&#8221;default&#8221; global_colors_info=&#8221;{}&#8221;][et_pb_text _builder_version=&#8221;4.20.2&#8243; _module_preset=&#8221;default&#8221; custom_margin=&#8221;|||0px||&#8221; custom_padding=&#8221;0px|||||&#8221; global_colors_info=&#8221;{}&#8221;]<\/p>\n<h2><strong>VEJA ALGUNS BENEF\u00cdCIOS DO GOOGLE MEU NEG\u00d3CIO<\/strong><\/h2>\n<ol>\n<li style=\"font-weight: 400;\" aria-level=\"1\">\n<h4><span style=\"font-weight: 400;\">Aumento da visibilidade on-line: Com o Google Meu Neg\u00f3cio, sua empresa aparecer\u00e1 nos resultados de pesquisa do Google e no Google Maps. Isso significa que os clientes em potencial podem encontrar facilmente o seu neg\u00f3cio e saber mais sobre ele antes mesmo de visit\u00e1-lo.<\/span><\/h4>\n<\/li>\n<li style=\"font-weight: 400;\" aria-level=\"1\">\n<h4><span style=\"font-weight: 400;\">Melhoria na experi\u00eancia do cliente: Ao fornecer informa\u00e7\u00f5es precisas e atualizadas sobre o seu neg\u00f3cio, voc\u00ea ajuda seus clientes a encontrar as informa\u00e7\u00f5es que precisam mais rapidamente. Al\u00e9m disso, \u00e9 poss\u00edvel responder perguntas e coment\u00e1rios de clientes diretamente pela plataforma, melhorando a intera\u00e7\u00e3o e experi\u00eancia.<\/span><\/h4>\n<\/li>\n<li style=\"font-weight: 400;\" aria-level=\"1\">\n<h4><span style=\"font-weight: 400;\">Aumento de tr\u00e1fego e vendas: Quando os clientes encontram seu neg\u00f3cio no Google Meu Neg\u00f3cio, \u00e9 mais prov\u00e1vel que visitem sua loja ou fa\u00e7am uma compra on-line. Com as informa\u00e7\u00f5es atualizadas, como hor\u00e1rio de funcionamento, localiza\u00e7\u00e3o e telefone, os clientes t\u00eam mais facilidade para se planejarem.<\/span><\/h4>\n<\/li>\n<li style=\"font-weight: 400;\" aria-level=\"1\">\n<h4><span style=\"font-weight: 400;\">An\u00e1lise de dados: O Google Meu Neg\u00f3cio tamb\u00e9m oferece dados e an\u00e1lises de desempenho, como a quantidade de visualiza\u00e7\u00f5es e intera\u00e7\u00f5es com sua ficha virtual. Isso ajuda a entender melhor como os clientes est\u00e3o interagindo com o seu neg\u00f3cio e como voc\u00ea pode melhorar sua presen\u00e7a on-line.<\/span><\/h4>\n<\/li>\n<li style=\"font-weight: 400;\" aria-level=\"1\">\n<h4><span style=\"font-weight: 400;\">Gratuito: O Google Meu Neg\u00f3cio \u00e9 gratuito e f\u00e1cil de usar, o que significa que \u00e9 acess\u00edvel para empresas de todos os tamanhos e or\u00e7amentos.<\/span><\/h4>\n<\/li>\n<\/ol>\n<p>[\/et_pb_text][\/et_pb_column][\/et_pb_row][\/et_pb_section][et_pb_section fb_built=&#8221;1&#8243; admin_label=&#8221;Services&#8221; _builder_version=&#8221;4.16&#8243; global_colors_info=&#8221;{}&#8221;][et_pb_row custom_padding_last_edited=&#8221;off|desktop&#8221; _builder_version=&#8221;4.20.2&#8243; background_image=&#8221;https:\/\/suporte02.agenciazuri.com.br\/wp-content\/uploads\/2023\/04\/web-g111b1a996_1920.png&#8221; module_alignment=&#8221;right&#8221; custom_margin=&#8221;||60px|&#8221; custom_padding=&#8221;0|0px|110px|0px|false|false&#8221; animation_style=&#8221;slide&#8221; animation_direction=&#8221;right&#8221; animation_intensity_slide=&#8221;1%&#8221; box_shadow_style=&#8221;preset3&#8243; box_shadow_vertical=&#8221;100px&#8221; box_shadow_blur=&#8221;100px&#8221; box_shadow_spread=&#8221;-60px&#8221; custom_width_px=&#8221;1000px&#8221; global_colors_info=&#8221;{}&#8221;][et_pb_column type=&#8221;4_4&#8243; _builder_version=&#8221;4.16&#8243; custom_padding=&#8221;|||&#8221; global_colors_info=&#8221;{}&#8221; custom_padding__hover=&#8221;|||&#8221;][et_pb_cta title=&#8221;Fa\u00e7a sua empresa ser encontrada facilmente&#8221; button_url=&#8221;#top&#8221; button_text=&#8221;SAIBA MAIS&#8221; admin_label=&#8221;CTA&#8221; _builder_version=&#8221;4.20.2&#8243; header_font=&#8221;Playfair Display|700|||||||&#8221; header_font_size=&#8221;40px&#8221; header_line_height=&#8221;1.5em&#8221; body_font=&#8221;||||||||&#8221; background_color=&#8221;#3550a0&#8243; custom_button=&#8221;on&#8221; button_text_size=&#8221;16px&#8221; button_text_color=&#8221;#ffffff&#8221; button_bg_color=&#8221;rgba(255,255,255,0.1)&#8221; button_border_width=&#8221;10px&#8221; button_border_color=&#8221;rgba(210,159,104,0)&#8221; button_border_radius=&#8221;100px&#8221; button_font=&#8221;Lato|900|||||||&#8221; button_use_icon=&#8221;off&#8221; text_orientation=&#8221;left&#8221; max_width=&#8221;560px&#8221; max_width_last_edited=&#8221;off|desktop&#8221; module_alignment=&#8221;left&#8221; custom_margin=&#8221;|520px|0px|||&#8221; custom_padding=&#8221;60px||60px|&#8221; header_font_size_tablet=&#8221;30px&#8221; header_font_size_phone=&#8221;24px&#8221; header_font_size_last_edited=&#8221;on|phone&#8221; button_text_color_hover=&#8221;#3550a0&#8243; button_bg_color_hover=&#8221;#ffffff&#8221; global_colors_info=&#8221;{}&#8221; button_text_size__hover_enabled=&#8221;off&#8221; button_one_text_size__hover_enabled=&#8221;off&#8221; button_two_text_size__hover_enabled=&#8221;off&#8221; button_text_color__hover_enabled=&#8221;on&#8221; button_text_color__hover=&#8221;#3550a0&#8243; button_one_text_color__hover_enabled=&#8221;off&#8221; button_two_text_color__hover_enabled=&#8221;off&#8221; button_border_width__hover_enabled=&#8221;off&#8221; button_one_border_width__hover_enabled=&#8221;off&#8221; button_two_border_width__hover_enabled=&#8221;off&#8221; button_border_color__hover_enabled=&#8221;off&#8221; button_one_border_color__hover_enabled=&#8221;off&#8221; button_two_border_color__hover_enabled=&#8221;off&#8221; button_border_radius__hover_enabled=&#8221;off&#8221; button_one_border_radius__hover_enabled=&#8221;off&#8221; button_two_border_radius__hover_enabled=&#8221;off&#8221; button_letter_spacing__hover_enabled=&#8221;off&#8221; button_one_letter_spacing__hover_enabled=&#8221;off&#8221; button_two_letter_spacing__hover_enabled=&#8221;off&#8221; button_bg_color__hover_enabled=&#8221;on&#8221; button_bg_color__hover=&#8221;#ffffff&#8221; button_one_bg_color__hover_enabled=&#8221;off&#8221; button_two_bg_color__hover_enabled=&#8221;off&#8221;][\/et_pb_cta][\/et_pb_column][\/et_pb_row][et_pb_row column_structure=&#8221;2_5,3_5&#8243; _builder_version=&#8221;4.20.2&#8243; _module_preset=&#8221;default&#8221; global_colors_info=&#8221;{}&#8221;][et_pb_column type=&#8221;2_5&#8243; _builder_version=&#8221;4.20.2&#8243; _module_preset=&#8221;default&#8221; global_colors_info=&#8221;{}&#8221;][et_pb_image src=&#8221;https:\/\/suporte02.agenciazuri.com.br\/wp-content\/uploads\/2023\/03\/82f76271-27e6-41e5-979c-422c093a5faa-removebg-preview.png&#8221; title_text=&#8221;82f76271-27e6-41e5-979c-422c093a5faa-removebg-preview&#8221; _builder_version=&#8221;4.20.2&#8243; _module_preset=&#8221;default&#8221; global_colors_info=&#8221;{}&#8221;][\/et_pb_image][\/et_pb_column][et_pb_column type=&#8221;3_5&#8243; _builder_version=&#8221;4.20.2&#8243; _module_preset=&#8221;default&#8221; global_colors_info=&#8221;{}&#8221;][et_pb_text _builder_version=&#8221;4.20.2&#8243; _module_preset=&#8221;default&#8221; global_colors_info=&#8221;{}&#8221;]<\/p>\n<h2><strong>SOBRE N\u00d3S<\/strong><em><strong><\/strong><\/em><\/h2>\n<h4>ZURI \u00e9 uma Ag\u00eancia de Comunica\u00e7\u00e3o, Marketing e Publicidade.<\/h4>\n<h4>Nosso time \u00e9 formado por profissionais de diferentes \u00e1reas com um conjunto de expertises, prontos para alavancar seu neg\u00f3cio, trazer visibilidade, atrair mais clientes e aumentar suas vendas.<\/h4>\n<p>[\/et_pb_text][\/et_pb_column][\/et_pb_row][\/et_pb_section][et_pb_section fb_built=&#8221;1&#8243; padding_2_tablet=&#8221;60px|50px|60px|50px|true|true&#8221; admin_label=&#8221;Footer&#8221; _builder_version=&#8221;4.16&#8243; use_background_color_gradient=&#8221;on&#8221; background_color_gradient_direction=&#8221;90deg&#8221; background_color_gradient_stops=&#8221;#ffffff 70%|rgba(240,242,246,0.5) 70%&#8221; background_color_gradient_start=&#8221;#ffffff&#8221; background_color_gradient_start_position=&#8221;70%&#8221; background_color_gradient_end=&#8221;rgba(240,242,246,0.5)&#8221; background_color_gradient_end_position=&#8221;30%&#8221; saved_tabs=&#8221;all&#8221; global_colors_info=&#8221;{}&#8221;][et_pb_row column_structure=&#8221;1_2,1_2&#8243; _builder_version=&#8221;4.16&#8243; global_colors_info=&#8221;{}&#8221;][et_pb_column type=&#8221;1_2&#8243; _builder_version=&#8221;4.16&#8243; custom_padding=&#8221;|||&#8221; global_colors_info=&#8221;{}&#8221; custom_padding__hover=&#8221;|||&#8221;][et_pb_signup mailchimp_list=&#8221;SlavaET|42d4a98af1&#8243; layout=&#8221;top_bottom&#8221; first_name_field=&#8221;off&#8221; last_name_field=&#8221;off&#8221; title=&#8221; Newsletter&#8221; description=&#8221;<\/p>\n<p>Se inscreva e receba novidades<\/p>\n<p>&#8221; _builder_version=&#8221;4.16&#8243; form_field_background_color=&#8221;#f0f2f6&#8243; header_level=&#8221;h4&#8243; header_font=&#8221;Lato|700|||||||&#8221; header_font_size=&#8221;24px&#8221; header_line_height=&#8221;1.5em&#8221; body_font=&#8221;||||||||&#8221; body_line_height=&#8221;1.9em&#8221; form_field_font=&#8221;Lato|700|||||||&#8221; form_field_line_height=&#8221;1.5em&#8221; use_background_color=&#8221;off&#8221; custom_button=&#8221;on&#8221; button_text_size=&#8221;16px&#8221; button_text_color=&#8221;#ffffff&#8221; button_bg_color=&#8221;#3550a0&#8243; button_border_width=&#8221;10px&#8221; button_border_color=&#8221;rgba(210,159,104,0)&#8221; button_border_radius=&#8221;100px&#8221; button_font=&#8221;Lato|900|||||||&#8221; button_use_icon=&#8221;off&#8221; background_layout=&#8221;light&#8221; header_font_size_tablet=&#8221;&#8221; header_font_size_phone=&#8221;20px&#8221; header_font_size_last_edited=&#8221;on|phone&#8221; border_radii_fields=&#8221;on|36px|36px|36px|36px&#8221; button_bg_color_hover=&#8221;#4159a0&#8243; locked=&#8221;off&#8221; global_colors_info=&#8221;{}&#8221; button_text_size__hover_enabled=&#8221;off&#8221; button_one_text_size__hover_enabled=&#8221;off&#8221; button_two_text_size__hover_enabled=&#8221;off&#8221; button_text_color__hover_enabled=&#8221;off&#8221; button_one_text_color__hover_enabled=&#8221;off&#8221; button_two_text_color__hover_enabled=&#8221;off&#8221; button_border_width__hover_enabled=&#8221;off&#8221; button_one_border_width__hover_enabled=&#8221;off&#8221; button_two_border_width__hover_enabled=&#8221;off&#8221; button_border_color__hover_enabled=&#8221;off&#8221; button_one_border_color__hover_enabled=&#8221;off&#8221; button_two_border_color__hover_enabled=&#8221;off&#8221; button_border_radius__hover_enabled=&#8221;off&#8221; button_one_border_radius__hover_enabled=&#8221;off&#8221; button_two_border_radius__hover_enabled=&#8221;off&#8221; button_letter_spacing__hover_enabled=&#8221;off&#8221; button_one_letter_spacing__hover_enabled=&#8221;off&#8221; button_two_letter_spacing__hover_enabled=&#8221;off&#8221; button_bg_color__hover_enabled=&#8221;on&#8221; button_bg_color__hover=&#8221;#4159a0&#8243; button_one_bg_color__hover_enabled=&#8221;off&#8221; button_two_bg_color__hover_enabled=&#8221;off&#8221;][\/et_pb_signup][et_pb_social_media_follow _builder_version=&#8221;4.20.2&#8243; border_radii=&#8221;on|100px|100px|100px|100px&#8221; locked=&#8221;off&#8221; global_colors_info=&#8221;{}&#8221;][et_pb_social_media_follow_network social_network=&#8221;facebook&#8221; _builder_version=&#8221;4.16&#8243; background_color=&#8221;rgba(0,0,0,0.8)&#8221; custom_margin=&#8221;|||&#8221; custom_padding=&#8221;10px|10px|10px|10px|true|true&#8221; global_colors_info=&#8221;{}&#8221; follow_button=&#8221;off&#8221; url_new_window=&#8221;on&#8221;]facebook[\/et_pb_social_media_follow_network][et_pb_social_media_follow_network social_network=&#8221;linkedin&#8221; _builder_version=&#8221;4.16&#8243; background_color=&#8221;rgba(0,0,0,0.8)&#8221; custom_margin=&#8221;|||&#8221; custom_padding=&#8221;10px|10px|10px|10px|true|true&#8221; global_colors_info=&#8221;{}&#8221; follow_button=&#8221;off&#8221; url_new_window=&#8221;on&#8221;]linkedin[\/et_pb_social_media_follow_network][et_pb_social_media_follow_network social_network=&#8221;instagram&#8221; _builder_version=&#8221;4.16&#8243; background_color=&#8221;rgba(0,0,0,0.8)&#8221; custom_margin=&#8221;|||&#8221; custom_padding=&#8221;10px|10px|10px|10px|true|true&#8221; global_colors_info=&#8221;{}&#8221; follow_button=&#8221;off&#8221; url_new_window=&#8221;on&#8221;]instagram[\/et_pb_social_media_follow_network][\/et_pb_social_media_follow][\/et_pb_column][et_pb_column type=&#8221;1_2&#8243; _builder_version=&#8221;4.16&#8243; custom_padding=&#8221;|||&#8221; global_colors_info=&#8221;{}&#8221; custom_padding__hover=&#8221;|||&#8221;][et_pb_text _builder_version=&#8221;4.16&#8243; text_font=&#8221;||||||||&#8221; text_line_height=&#8221;1.9em&#8221; link_font=&#8221;||||||||&#8221; link_text_color=&#8221;#ffffff&#8221; ul_font=&#8221;||||||||&#8221; ol_font=&#8221;||||||||&#8221; quote_font=&#8221;||||||||&#8221; header_font=&#8221;||||||||&#8221; header_font_size=&#8221;40px&#8221; header_2_font=&#8221;Playfair Display|700|||||||&#8221; header_2_font_size=&#8221;40px&#8221; header_2_line_height=&#8221;1.5em&#8221; header_3_font=&#8221;||||||||&#8221; header_4_font=&#8221;Lato|700|||||||&#8221; header_4_text_color=&#8221;rgba(255,255,255,0.4)&#8221; header_4_font_size=&#8221;16px&#8221; header_4_line_height=&#8221;1.5em&#8221; background_color=&#8221;#3550a0&#8243; background_layout=&#8221;dark&#8221; custom_margin=&#8221;|||&#8221; custom_padding=&#8221;60px|40px|60px|40px|true|true&#8221; animation_style=&#8221;zoom&#8221; animation_intensity_zoom=&#8221;2%&#8221; header_font_size_tablet=&#8221;30px&#8221; header_font_size_phone=&#8221;24px&#8221; header_font_size_last_edited=&#8221;on|phone&#8221; header_2_font_size_tablet=&#8221;30px&#8221; header_2_font_size_phone=&#8221;&#8221; header_2_font_size_last_edited=&#8221;on|tablet&#8221; box_shadow_style=&#8221;preset3&#8243; box_shadow_vertical=&#8221;100px&#8221; box_shadow_blur=&#8221;100px&#8221; box_shadow_spread=&#8221;-60px&#8221; locked=&#8221;off&#8221; global_colors_info=&#8221;{}&#8221;]<\/p>\n<h2>Contato<\/h2>\n<h4>WhatsApp<\/h4>\n<p>(11)99691-9411<\/p>\n<h4>E-mail<\/h4>\n<p>contato@agenciazuri.com.br<\/p>\n<h4>Endere\u00e7o<\/h4>\n<p>Av. Engenheiro Lu\u00eds Carlos Berrini, 1681 &#8211; Salas 111 e 112, Itaim Bibi, S\u00e3o Paulo<\/p>\n<p>[\/et_pb_text][\/et_pb_column][\/et_pb_row][\/et_pb_section]<\/p>\n","protected":false},"excerpt":{"rendered":"<p>N\u00f3s podemos te ajudar nisso!CONTE COM A ZURI PARA TE AJUDAR A MANTER SEU GOOGLE MEU NEG\u00d3CIO ATUALIZADO O Google Meu Neg\u00f3cio \u00e9 uma ferramenta essencial para qualquer neg\u00f3cio local que deseja aumentar sua visibilidade on-line e atrair mais clientes. No entanto, manter todas as informa\u00e7\u00f5es atualizadas pode ser um desafio para muitos empres\u00e1rios, especialmente [&hellip;]<\/p>\n","protected":false},"author":1,"featured_media":12,"parent":0,"menu_order":0,"comment_status":"closed","ping_status":"closed","template":"","meta":{"_et_pb_use_builder":"on","_et_pb_old_content":"","_et_gb_content_width":"","footnotes":""},"class_list":["post-90","page","type-page","status-publish","has-post-thumbnail","hentry"],"_links":{"self":[{"href":"https:\/\/suporte02.agenciazuri.com.br\/index.php\/wp-json\/wp\/v2\/pages\/90","targetHints":{"allow":["GET"]}}],"collection":[{"href":"https:\/\/suporte02.agenciazuri.com.br\/index.php\/wp-json\/wp\/v2\/pages"}],"about":[{"href":"https:\/\/suporte02.agenciazuri.com.br\/index.php\/wp-json\/wp\/v2\/types\/page"}],"author":[{"embeddable":true,"href":"https:\/\/suporte02.agenciazuri.com.br\/index.php\/wp-json\/wp\/v2\/users\/1"}],"replies":[{"embeddable":true,"href":"https:\/\/suporte02.agenciazuri.com.br\/index.php\/wp-json\/wp\/v2\/comments?post=90"}],"version-history":[{"count":27,"href":"https:\/\/suporte02.agenciazuri.com.br\/index.php\/wp-json\/wp\/v2\/pages\/90\/revisions"}],"predecessor-version":[{"id":243745,"href":"https:\/\/suporte02.agenciazuri.com.br\/index.php\/wp-json\/wp\/v2\/pages\/90\/revisions\/243745"}],"wp:featuredmedia":[{"embeddable":true,"href":"https:\/\/suporte02.agenciazuri.com.br\/index.php\/wp-json\/wp\/v2\/media\/12"}],"wp:attachment":[{"href":"https:\/\/suporte02.agenciazuri.com.br\/index.php\/wp-json\/wp\/v2\/media?parent=90"}],"curies":[{"name":"wp","href":"https:\/\/api.w.org\/{rel}","templated":true}]}}